- 90 = -728. What is g(z)?
6
Let d(q) = -2*q**3 + 4*q - 3. Let l(n) = 16*n - 164. Let o be l(11). Suppose -t = 4*w - 13, 2*t + 0 - o = -w. Determine d(w).
-11
Suppose -4*n - 140*c + 9 = -139*c, -n + 6 = c. Let o(p) = 10*p**3 + 9*p**2 - 8*p. What is o(n)?
11
Let x be (-10)/(-5) + -5 - (-17)/1. Suppose -j = -0*j - 5*a - x, -4*j = -4*a + 8. Let d(c) = 6*c + 125*c**2 - 69*c**2 + 9 + c - 61*c**2 - c**3. What is d(j)?
3
Let p(l) = -30 - 55*l + 644*l - 84 - 584*l. Calculate p(16).
-34
Let k(h) = 11*h - 84. Suppose 13*l - 891 = -55*l - 31*l. Calculate k(l).
15
Let a(y) be the first derivative of y**3/3 + 2*y**2 - y + 473. Let h = -41 + 37. What is a(h)?
-1
Suppose -180 = -38*q + 2*q. Let z(h) be the first derivative of -h**3/3 - 3*h**2/2 + 7*h - 149. Give z(q).
-33
Let n = -173 + 175. Suppose -3*w + 4*k = -w + n, 0 = 5*w + 5*k + 65. Let s(l) = l**3 + 9*l**2 - 2*l - 3. Calculate s(w).
15
Let c(y) = 3*y**2 + 316*y - 21. Let q(v) = -5*v**2 - 503*v + 32. Let w(l) = -8*c(l) - 5*q(l). Determine w(13).
8
Suppose 4*b - 12 = -4*y, 3*b = 4*y - 10 - 2. Let r(g) = -5*g**3 + 4*g**3 + 0*g**3 + 22 + g**2. What is r(b)?
22
Let z(t) = t**3 - 17*t**2 + 27*t + 52. Let l be -1*4 + -145 + 164. Calculate z(l).
7
Let q(m) = 5*m + 1 + 4 - m - 6*m. Suppose 0 = w + 5, -90 = 2*v - 4*v - 2*w. Suppose 0 = 4*g - 14*g + v. Give q(g).
-5
Let t = -64 + 32. Let z = 39 + t. Let n(i) = -z + 15 - i - 8. Give n(-1).
1
Let q(g) = -g**3 - 8*g**2 - 5*g + 22. Let s be 2/(-70)*-10 + (-51)/7. Determine q(s).
8
Let t(m) = -28*m. Let o = 76 + -66. Suppose 13 = -5*x - 4*d, 3*x + o*d - 6*d + 11 = 0. Calculate t(x).
28
Let c = 16 - 14. Let p(m) = 7 + m**3 + 7*m**c - 11*m**2 - 7*m + 0*m. Let l be p(5). Let q(o) = 2*o + 3. Give q(l).
-3
Suppose 2*k = -o + 109, -22*o = -19*o + 4*k - 325. Let m(h) = 204 - o + h**2 - 103 - 3*h. What is m(6)?
12
Let j(x) be the first derivative of -x**3/3 + 9*x**2/2 - 6*x + 11851. Suppose -5*a = -0*a - 2*m - 40, 2*a - 16 = -3*m. What is j(a)?
2
Let s be 0 + 47 - (1 + -2). Let l(i) = i**3 + 100*i**2 - 94*i + 709. Let p be l(-101). Let w(y) = 4*y**2 - 2 + 49*y**3 - p + 1 - s*y**3. Give w(-4).
-3
Let m(c) = c - 14. Let t = -61 + 60. Let n be ((0/(-4))/(-5))/t. Give m(n).
-14
Let w(g) be the third derivative of -g**4/24 - g**3/3 - 6*g**2. Suppose -2*z - 3992 = -3976. Calculate w(z).
6
Let u(z) be the first derivative of z**4/2 + 20*z**3/3 - 4*z + 3061. Calculate u(-10).
-4
Let y(h) be the second derivative of -3 + 1/20*h**5 + 1/3*h**3 - 1/2*h**2 + 39*h + 1/6*h**4. What is y(-3)?
-16
Let b = 5113 + -5122. Let t(a) = a**2 + 7*a - 12. Give t(b).
6
Let c = -520 + 522. Let i(r) = 38*r + 1. Let o(l) = -77*l - 3. Let k(f) = c*o(f) + 5*i(f). What is k(1)?
35
Suppose 0 = f + 3*b - 2, -5*b - 10 = 5*f. Let i(l) = -245145*l - 3 + 245148*l - 5*l**2 - 2*l**3 + 2. What is i(f)?
35
Suppose -12*r + 30 = -6*r. Let j(v) = 4*v - 13 + 12*v - 20*v + r*v. Calculate j(10).
-3
Let h(o) be the first derivative of -o**3/3 + 7*o + 1574. Calculate h(-2).
3
Let c = 130 + -62. Let m(h) = 34*h + 33*h - c*h - 2*h**2 - 5 + h**2. Give m(-4).
-17
Suppose 5*o = 0, p - 2*o + 6*o = 0. Let g(n) = -n**2 - 14*n. What is g(p)?
0
Let f(v) = -8*v**3 - v**2 - 4*v - 2. Suppose 5*m = -5*n + 9*n - 16, -5*n - 5*m - 25 = 0. What is f(n)?
9
Let t be (-1*1/1 + 3)*135/(-54). Let h(z) = 13*z + 23. Determine h(t).
-42
Let h(l) = -26*l - 5. Let q(w) = -31*w + 196 - 44*w - 111 - 99. Let c(s) = 11*h(s) - 4*q(s). Give c(-2).
-27
Let z(q) = 2*q**3 + 8*q**2 + 7*q - 2. Let f be 33/(-15) - 34/(-170). What is z(f)?
0
Let y(q) = -38 + 3*q**3 - 10*q**3 + 2*q**3 + 17 + q**2 + q + 23. Give y(2).
-32
Suppose 4*l + 36 = 16. Suppose -t - 72 = -10*t. Let y(b) = -1 - 1 - 5 - 19*b**2 + 18*b**2 - t*b. Calculate y(l).
8
Let l be (1 - 1) + 4 - -5*42/(-60). Let g(h) be the first derivative of 0*h + l*h**2 - 9. Determine g(7).
7
Let h(l) = l - 7. Let i(u) be the first derivative of -u**3/3 + 13*u**2/2 + 5*u - 4. Let a be i(13). Suppose -25 + 0 = -a*g. Calculate h(g).
-2
Let x(s) = s**2 - 10*s + 4. Let k be x(10). Suppose -17 = -5*m + 3*g, -k*m + 0 = 3*g - 19. Let y(i) = -7*i - 5. Give y(m).
-33
Let s be 3 + 5/10*0. Suppose s*h = -0*h - 3*h. Let m(r) be the second derivative of -r**5/20 - r**4/12 + r**3/6 - 6*r**2 - 2*r. Calculate m(h).
-12
Let a(h) = -h + 5. Let r(f) = -3*f**2 - 2*f + 2. Let m be r(-2). Let t = 4104 - 4107. Let i be (-1 - -1)*t/m. What is a(i)?
5
Let t be (-15 + 5 - -9)*(-1 - 0). Let o(b) = -b - 9. Let f(s) = -3. Let m(x) = t*o(x) - 2*f(x). Determine m(-4).
1
Let f be (-4)/(-3 + 4) - (-7)/1. Let y = f - 2. Let d(n) = 0 - 25*n + 26*n - y. Give d(-3).
-4
Let o(v) be the third derivative of -v**5/30 + 5*v**4/8 - 3*v**3/2 + 4597*v**2. Calculate o(6).
9
Let a(j) = j**2 + 2*j - 2. Let o(w) = -2*w**2 + w + 10. Let q be o(3). What is a(q)?
13
Let k(m) = 25*m - 49. Let o(b) = -48*b + 96. Let w(u) = -13*k(u) - 6*o(u). Let g be w(2). Let t(n) = -n - 17. Calculate t(g).
-4
Let w(z) = 14*z - z**3 + 852 + 999 - 1854 - 6*z**2. What is w(2)?
-7
Let v(w) = 26*w + 23 - w - 6*w + 7*w + 31*w + 2*w**2. Give v(-28).
-5
Let l(k) be the second derivative of -11*k**4/12 + k**2/2 + k. Let z(i) = i**3 - 3*i**2 - 11*i - 1. Let b be z(-2). Determine l(b).
-10
Let f = -12550 - -12558. Let y(q) = q**3 - 10*q**2 + 15*q - 6. Calculate y(f).
-14
Let x(o) = o**3 + 6*o**2 + 3*o - 4. Let k(g) = 2*g + 25. Suppose -50*s + 36*s = 210. Let b be k(s). What is x(b)?
6
Let k(n) be the first derivative of 17*n**2/2 - 259*n + 5229. Give k(15).
-4
Let a(j) = 2*j + 26. Let o(y) = 3*y + 53. Let d(r) = 7*a(r) - 3*o(r). Let z be d(-5). Let x(p) = -12 + 5 - 5*p + 1 + 3. What is x(z)?
7
Let b = 105 - 89. Let p be (-11)/2 - (-8)/b. Let r(c) = -2*c - 1. Give r(p).
9
Suppose -48*v + 760*v - 4347 = -649*v - 88*v. Let b(a) = a + 3 + a - 3*a. Calculate b(v).
0
Let f(s) be the third derivative of s**6/120 - 7*s**5/60 + s**4/4 + s**3/3 - 25*s**2. Let b = -71 - -77. What is f(b)?
2
Let c(y) = 35*y**3 + 20*y**2 + 11*y + 39. Let m(x) = -26*x**3 - 19*x**2 - 11*x - 38. Let z(i) = 3*c(i) + 4*m(i). What is z(17)?
67
Let g = -5414 - -5418. Let r(u) = -30*u + 130. Calculate r(g).
10
Let y be 24/3*(-1)/(-2). Let q(j) = -j**2 - j - 1. Let k(u) = 6*u**2 + 25*u - 14*u + 6 - u**2. Let v(r) = -k(r) - 6*q(r). What is v(y)?
-4
Let t be 2/8 + (-30)/(-8). Let z be -27*(-8)/(-48)*(-8)/18. Let l(x) = -80591*x + x**3 + 3 - 1 - 3*x**z + 80589*x. Determine l(t).
10
Let g(a) = -a + 9. Suppose -35 - 193 = 12*p. Let r = p + 29. Calculate g(r).
-1
Let m(y) = -5*y - 28. Let s be (-1710)/(-33) - -3*8/132. Suppose 5*r + 27 = 3*c + s, 11 = -c + 3*r. What is m(c)?
-3
Let s(v) = v**2 - 67*v + 1027. Let m be s(24). Let k(c) = -6*c + 3. What is k(m)?
33
Let p(i) = 6*i + 32. Let y(m) = -7*m - 22. Let q(b) = 4*p(b) + 3*y(b). Calculate q(-21).
-1
Let c(w) = -2*w + w + 7*w + 6. Let b(f) = 5*f + 5. Let t(x) = 5*b(x) - 4*c(x). Determine t(9).
10
Let v be -1 + ((-28)/5 + 6)*-25. Let f(d) = -d**2 - 8*d + 28. Give f(v).
-5
Let x(t) = -t**2 + 13*t + 71. Let u be x(17). Suppose 2*j = q + 4*j - 8, u*q = -3*j + 21. Let n(w) = 3*w - 3. What is n(q)?
15
Let y(m) = m + 3. Let h(c) = -3*c + 5. Let p be h(9). Let g = 18 + p. Let t be (-3)/g - (-93)/(-12). Determine y(t).
-4
Let a(m) = m. Suppose 0*j - 2*j + 67 = 3*f, 36 = j + f. Suppose 2*c - 37 + j = 0. Let u be (c/((-16)/(-2)))/((-8)/32). Determine a(u).
1
Let f(k) = 6*k + 1 + k**2 + 8 - 5. Let y(j) = -21*j**2 - 34*j - 16. Let i(t) = -4*t**2 - 7*t - 3. Let o(b) = 11*i(b) - 2*y(b). Let a be o(-5). Calculate f(a).
4
Let h(z) be the first derivative of -2*z**3/3 - 5*z**2 - 5*z - 12. Let b(j) be the first derivative of h(j). Calculate b(-8).
22
Let k(p) = p**2 + 13*p - 14. Let u(b) = -b - 6. Let o be u(-11). Suppose -3*s = -3*q - 51, 2*q - o*s = 4*q + 6. Calculate k(q).
-14
Let q(j) = j**2 + 5*j + 6. Suppose 2*s + 387 = -3. Let a = s - -188. Determine q(a).
20
Let n(q) = -34*q**2 - 4*q + 4. Let t(i) = 7*i**2 + i - 1. Let g(z) = -2*n(z) - 11*t(z). Determine g(2).
-39
Let d(q) be the third derivative of -q**7/720 + q**6/360 + q**5/12 + q**3/3 - 6*q**2 - 8. Let z(a) be the third derivative of d(a). Calculate z(1).
-5
Let l(x) = -x**2 + 4. Let b(s) be the third derivative of s**5/20 + 23*s**4/24 - 6*s**3 - 14*s**2. Let a be b(-9). Calculate l(a).
4
Let s = 1043/3210 + 9/1070. Let i(t) be the first der